**3 - h. Let f be w(1). Let o be f/((-9)/(-6) - 2). What is the highest common divisor of 28 and o?
4
Suppose 0 = -3*n - 9, -9 = -4*m + 5*n + 66. What is the highest common factor of m and 3?
3
Suppose -3*w + 5*w - 8 = 0, -2*o - 4*w - 326 = 0. Let f = -72 - o. What is the highest common factor of f and 9?
9
Let h be 182/12 + 10/(-60). Suppose 0 = 3*a + h, -f - 3*f + 147 = -3*a. What is the highest common factor of f and 3?
3
Let m = -26 + 36. What is the highest common factor of m and 10?
10
Let r = 15 + 29. Suppose 3*i = i - 4. Let p be 1/i*r/(-1). Calculate the greatest common factor of p and 55.
11
Let u = 29 - -11. What is the highest common factor of 100 and u?
20
Let l(v) be the first derivative of 4*v**3 - v**3 + 3 - 1. Let m be l(-2). What is the greatest common factor of m and 24?
12
Let x = -41 + 50. Calculate the greatest common divisor of 27 and x.
9
Let s(k) = -2*k. Let g be s(1). Let a(y) = -y**3 - y - 1. Let f be a(g). Calculate the greatest common divisor of 63 and f.
9
Suppose 3*n - 30 = -9. What is the greatest common divisor of 56 and n?
7
Suppose 2*s = 97 + 35. What is the highest common divisor of 33 and s?
33
Let o be -6 - -4 - (1 + -2). Let a be -1 + 16 + -1 + o. Let i be 116/3 - (-1)/3. Calculate the greatest common factor of a and i.
13
Let o(j) = -4*j. Let d = 11 + -16. Let z be o(d). Let h(p) = -p**3 + p - 1. Let k be h(-2). What is the greatest common divisor of k and z?
5
Suppose -4*k + 10 = -2. Let p(j) = -6*j + 3. Let o be p(-3). Calculate the greatest common factor of k and o.
3
Let v(x) = x**2 + 10*x + 18. Let z be v(-10). Calculate the greatest common factor of 162 and z.
18
Let t(b) = -b**3 + b**2 + 346. Let p be t(0). Let d = p + -184. Calculate the highest common divisor of 18 and d.
18
Let s = 18 - -2. Calculate the highest common factor of s and 160.
20
Let n(k) = k**3 - k**2 - 4. Let s be n(3). Let v be -42*(2 + 10/(-3)). Calculate the highest common divisor of s and v.
14
Let j(s) = 2*s**2 - 5*s + 4. Let b be j(4). Suppose 0 = -2*y + 12*y - 40. Calculate the greatest common factor of y and b.
4
Let v = -45 - -38. Let c(s) = 1 - 2*s**2 + 9*s**2 + s**3 + 0. Let h be c(v). What is the highest common divisor of h and 1?
1
Let u(f) be the third derivative of -f**4/12 - 8*f**2. Let n be u(-10). What is the highest common divisor of n and 30?
10
Let d(w) = w**2 + 10*w + 11. Let g be d(-9). Let k be g/((-1)/8*-2). What is the greatest common factor of 8 and k?
8
Suppose 0 = -91*x + 87*x + 640. What is the highest common divisor of 64 and x?
32
Suppose -h = -3, -2*i = -0*i + 3*h - 13. Suppose 173 = i*w + 29. Calculate the highest common divisor of w and 18.
18
Let m be 6/(-4) + (-7)/14. Let k = 0 - m. Suppose 0*t - 22 = -k*t. Calculate the highest common divisor of t and 121.
11
Suppose 163*k + 66 = 165*k. What is the highest common factor of 22 and k?
11
Let m(a) = -a**2 + 14*a - 9. Let k be m(6). Let u = 11 - -2. What is the greatest common divisor of u and k?
13
Let t be (-157)/(-1) - (-3 + 0)/1. Calculate the greatest common factor of t and 32.
32
Let n = -69 - -74. Let q(u) be the second derivative of u**4/12 + u**3 + 5*u**2/2 + u. Let y be q(n). Calculate the highest common factor of 40 and y.
20
Let i(n) = n**3 + 4*n**2 - 4*n + 7. Let h be ((-26)/6)/(1/3). Let w = h + 8. Let a be i(w). Calculate the greatest common factor of a and 16.
2
Let m = 24 - 16. Let n be (m/20)/1*45. Calculate the greatest common factor of 27 and n.
9
Let w(d) = -2*d**2 - 12*d. Let v be w(-5). Suppose n = -0*n - 4*k + 90, 5*n + 4*k - 370 = 0. Calculate the highest common factor of v and n.
10
Let r = -113 + 228. What is the highest common divisor of 23 and r?
23
Let y = 35 - 16. What is the greatest common factor of y and 209?
19
Let b(l) = 4*l**2 - l. Let c be b(-2). Suppose -n + 8 = 3*n. Calculate the greatest common divisor of n and c.
2
Suppose 5*r = 10*r - 200. Calculate the highest common divisor of 8 and r.
8
Let t(g) = -37*g + 5. Let y be t(-1). Calculate the highest common factor of 21 and y.
21
Let s(q) = q**2 + 4*q + 3. Let n be s(-7). Suppose 5*u = 3*g + 597, 0 = 5*u - u + 5*g - 485. What is the highest common factor of u and n?
24
Let b be ((-207)/(-6))/((-1)/(-12)). Let a = -286 + b. Let y = 10 - -6. What is the highest common divisor of y and a?
16
Let w(l) = -12*l + 8. Let a = 5 - 3. Suppose 0 = -a*c + 2*d - 0*d - 18, 0 = -2*d + 6. Let n be w(c). Calculate the greatest common divisor of n and 32.
16
Suppose 5*y + 4*g = 123, -4*y + 100 = 5*g - g. Let p = 28 - y. Calculate the greatest common divisor of 45 and p.
5
Let v = 149 - 73. What is the highest common factor of 190 and v?
38
Let u(z) = z**2 + 2. Let k be u(0). Let c be (2/6)/(k/(-186)). Let r = c - -101. What is the greatest common factor of 28 and r?
14
Let m(v) be the first derivative of 34*v**3/3 - v**2/2 + 2*v - 6. Let c be m(-2). What is the highest common divisor of c and 56?
28
Suppose 4*d = -d + 875. Suppose -d = -8*k + 3*k. What is the greatest common divisor of k and 5?
5
Let n = 445 - 236. What is the highest common divisor of n and 19?
19
Suppose 5*j = 4*r - 1032 + 312, -2*r - 2*j = -342. Calculate the highest common divisor of r and 25.
25
Suppose -u - 8 = -5*u. Let f be 22 + u/(1/1). Calculate the greatest common factor of f and 60.
12
Let o(a) = a**2 - 10*a - 8. Let q be o(6). Suppose 5*v + 33 = 273. Let x = q + v. Calculate the greatest common divisor of x and 2.
2
Let c = 53 - 47. What is the greatest common factor of c and 18?
6
Let g(n) = n + 15. Let m be g(-11). Suppose m*x - 5 = 3*x. Suppose 2*l + f = 126, 2*f + 63 = l + x*f. What is the greatest common divisor of 9 and l?
9
Let s be 4/6 - (-111)/9. Suppose -4 = 3*g - g. Let b be (2 - -1)/(g/(-26)). What is the greatest common factor of s and b?
13
Suppose d + r = 2 + 2, -4*d - 3*r = -11. Let l be d - (-6 + 2*-1). Suppose -2*c - 25 = 3*c, 2*c + 5 = -5*w. Calculate the greatest common divisor of w and l.
1
Let z be ((-56)/42)/((-2)/9). Calculate the highest common factor of z and 15.
3
Let t be (-27)/2*40/(-12). Calculate the greatest common divisor of 9 and t.
9
Let n = 322 + -135. Let j = 4 - -13. What is the greatest common factor of n and j?
17
Let z be ((-2)/6)/(7/21) + 24. What is the highest common factor of 161 and z?
23
Suppose -1 = v - 9. Calculate the highest common factor of 1 and v.
1
Let n = 95 + 265. What is the highest common divisor of n and 40?
40
Let x be 166/10 - (-4)/10. Let u = 540 - 472. What is the greatest common divisor of u and x?
17
Let j be -21*(-3 - (-15)/9). Let b = -22 - -26. What is the highest common divisor of b and j?
4
Let j(v) = v**3 - 5*v**2 + 2*v + 4. Let b be j(5). Let a = 4 + 24. What is the highest common factor of b and a?
14
Let q(z) = -3*z + 13. Let b be q(4). Calculate the highest common divisor of b and 8.
1
Suppose -5*u + j = -351, -j - 60 - 11 = -u. Calculate the greatest common divisor of u and 7.
7
Let n be (-1*(-64)/(-10))/(18/(-45)). Calculate the highest common factor of 208 and n.
16
Let z be (-412)/(-16)*4 - -5. What is the greatest common divisor of 72 and z?
36
Let f = 3 + -8. Let x = 8 - 2. Let z = x - f. Calculate the highest common factor of z and 33.
11
Let h = 8 - 8. Suppose h = -4*l + 37 - 9. Calculate the highest common divisor of l and 77.
7
Suppose z - 3*l - 26 = 0, 47 = 5*z - l - 27. Calculate the greatest common divisor of 14 and z.
14
Let u(n) = n**3 + 3*n**2 + 2*n + 1. Suppose f + 6*q + 11 = 3*q, 5*q + 9 = 3*f. Let m be u(f). Calculate the greatest common factor of 11 and m.
1
Suppose 0 = -2*w - 2*v - 2, -3 = 5*w - 2*w - 3*v. Let m be (0 + w)*-4 - -3. What is the highest common divisor of 63 and m?
7
Let n = 1 - -7. Let i be (-5)/((n/12)/(-2)). Calculate the greatest common factor of 45 and i.
15
Let v = -4 - -7. Suppose 0*u = v*u. Let y be (-2)/((-4)/238 + u). Calculate the greatest common factor of y and 17.
17
Suppose -5*r + 305 = 4*l, 3*r = -4*l + r + 290. What is the highest common factor of l and 10?
10
Suppose 0 = -81*z + 86*z - 105. Calculate the greatest common divisor of z and 21.
21
Suppose 19*u - 22 - 16 = 0. Calculate the greatest common factor of u and 16.
2
Let a(y) = 7*y**3 - 3*y**2 + 3*y - 2. Let n(l) = l - 1. Let q be n(3). Let f be a(q). Calculate the greatest common factor of f and 16.
16
Suppo